*3 - 4*l**2 + 3476*l + 46689. Determine m(-14).
-15
Let q(w) = 3*w**2 - 167*w - 2005. What is q(65)?
-185
Let l(z) = -3*z**2 + 32*z - 573. Calculate l(10).
-553
Let d(w) = 469353*w - 1408014. Determine d(3).
45
Let h(w) = w**3 - 54*w**2 - 334*w - 1462. What is h(60)?
98
Let j(a) = 44345*a + 709504. Give j(-16).
-16
Let y(v) = -v**3 + 207*v**2 - 10692*v - 1329. Give y(101).
85
Let h(u) = 73*u - 831. Give h(-2).
-977
Let k(q) = 513*q + 7799. Give k(-14).
617
Let p(i) = -436*i**2 - 72377*i + 8. Calculate p(-166).
174
Let y(s) = 2543047*s + 5. What is y(0)?
5
Let b(x) = -2338*x + 549437. Calculate b(235).
7
Let v(q) = -530*q + 31768. What is v(60)?
-32
Let n(g) = g**3 - 638*g**2 + 7433*g + 915. What is n(12)?
-33
Let h(n) = 49*n**3 + 30*n**2 + 8*n + 5. Determine h(2).
533
Let d(n) = 32*n - 600. Determine d(20).
40
Let y(l) = 110*l + 2127. Give y(-18).
147
Let t(u) = 202*u - 458. What is t(5)?
552
Let x(v) = v**2 + 22*v + 265. Calculate x(25).
1440
Let y(z) = -6794*z - 67949. What is y(-10)?
-9
Let z(a) = -4*a**2 - 1291*a - 38237. What is z(-33)?
10
Let s(c) = 512959*c + 3590712. Determine s(-7).
-1
Let x(f) = -4*f**2 + 2191*f - 4384. Calculate x(2).
-18
Let t(r) = 32*r**2 + 57*r - 32. Give t(-3).
85
Let i(r) = 47*r**2 + 262*r + 38. Determine i(-5).
-97
Let y(q) = 136*q**2 + 3754*q - 92. Give y(-28).
1420
Let i(u) = -12803*u + 128053. Calculate i(10).
23
Let d(a) = -3257*a + 35711. What is d(11)?
-116
Let q(k) = -k**3 - 1807*k**2 + 12725*k - 183. Give q(7).
6
Let c(q) = 284*q**2 + 903*q - 2731. Determine c(3).
2534
Let f(q) = 2*q**3 + 7*q**2 - 1017*q + 3018. Determine f(3).
84
Let k(v) = -5*v**2 + 791*v - 28154. Calculate k(54).
-20
Let b(j) = j**3 + 8*j**2 + 35*j - 1313. What is b(0)?
-1313
Let k(p) = -140*p - 4358. What is k(-27)?
-578
Let o(i) = 5*i**2 - 513*i + 1989. Calculate o(4).
17
Let s(y) = -113*y - 3793. Give s(-43).
1066
Let y(v) = -11376*v - 2024928. Calculate y(-178).
0
Let l(o) = -424*o**3 - 24*o**2 - 130*o - 114. Give l(-1).
416
Let w(j) = -36087*j - 4330431. What is w(-120)?
9
Let c(u) = 26*u**2 + 43*u + 282. What is c(-5)?
717
Let n(g) = 3*g**3 + 543*g**2 - 5711*g + 3666. Give n(-191).
37
Let l(n) = n**2 + 132*n - 2150. Determine l(14).
-106
Let v(p) = 2*p**3 - 44*p**2 - 7*p + 147. Determine v(22).
-7
Let f(r) = -571*r**2 - 28*r + 21. Calculate f(1).
-578
Let q(x) = 8*x**3 + 4*x**2 - 95*x - 285. What is q(-3)?
-180
Let f(a) = -a**3 - 18*a**2 - 140*a - 2224. Give f(-17).
-133
Let u(y) = 324*y**2 + 13503*y - 4454. What is u(-42)?
-44
Let q(y) = -4*y**2 - 62597*y + 626379. What is q(10)?
9
Let c(n) = 4112*n - 719590. Calculate c(175).
10
Let j(d) = -15*d**2 - 2843*d - 25553. Calculate j(-9).
-1181
Let r(y) = -y**3 + 252*y**2 - 15252*y + 505. Determine r(151).
354
Let g(r) = 5*r**2 + 2700*r + 21643. Calculate g(-8).
363
Let r(c) = -c**3 - 7*c**2 + 81*c + 439. What is r(-5)?
-16
Let q(z) = -54*z**3 + 268*z**2 - 27*z + 183. Give q(5).
-2
Let w(r) = -9*r**2 + 5286*r - 7320. Calculate w(586).
-288
Let v(y) = -6*y**2 + 46721*y - 186775. What is v(4)?
13
Let b(m) = 517*m + 6845. Calculate b(-21).
-4012
Let j(p) = -13*p**2 + 50*p + 609. Determine j(-5).
34
Let z(b) = -7*b**3 + 6320*b**2 + 7226*b + 5425. Give z(904).
1
Let s(r) = r**3 - 53*r**2 + 107*r + 277. Give s(51).
532
Let o(s) = 26*s**2 + 211*s + 331. What is o(-6)?
1
Let b(l) = -921*l + 173210. What is b(188)?
62
Let l(x) = -5*x**2 - 1103*x - 3548. Calculate l(-214).
3514
Let k(h) = -3881*h - 27292. Give k(-7).
-125
Let l(p) = 613*p - 59107. Calculate l(99).
1580
Let h(j) = 2*j**3 + 42*j**2 + 201*j - 10. What is h(-12)?
170
Let a(b) = 22*b**3 + 6*b**2 - 141*b + 277. What is a(2)?
195
Let x(o) = 2*o**2 + 206*o - 377. What is x(-103)?
-377
Let k(s) = s**2 - 5497*s - 858653. Calculate k(-152).
-5
Let j(t) = t**2 - 66*t + 19. What is j(80)?
1139
Let x(s) = -83139*s - 415704. Calculate x(-5).
-9
Let f(v) = -2*v**3 - 42*v**2 - 6*v - 425. Determine f(-19).
-1755
Let d(k) = 3*k**2 + 4071*k - 70055. Give d(17).
19
Let s(v) = 340*v**2 + 6518*v + 245. Give s(-19).
-857
Let l(a) = 28*a**3 - 20*a**2 + 745*a + 1498. Calculate l(-2).
-296
Let n(m) = 276*m + 1886. Calculate n(-7).
-46
Let o(x) = -x**3 - 52*x**2 + 531*x + 25071. Determine o(-53).
-263
Let c(z) = -130167*z + 650842. Give c(5).
7
Let v(r) = -r**3 + 86*r**2 - 311*r + 27804. What is v(85)?
8594
Let y(i) = -21*i**3 - 887*i**2 + 1620*i - 401. Give y(-44).
-49
Let d(b) = b**3 + 80*b**2 + 955*b + 3028. Calculate d(-8).
-4
Let w(f) = 2617*f + 633312. Calculate w(-242).
-2
Let k(l) = 11*l**2 + 4802*l - 59208. Determine k(12).
0
Let a(x) = -3*x**2 + 1189*x - 11773. Determine a(10).
-183
Let m(b) = -6057*b + 6029. What is m(1)?
-28
Let h(d) = 12032*d + 6. Determine h(0).
6
Let a(y) = 166*y + 24241. Determine a(-146).
5
Let i(v) = -4*v**2 - 2065*v + 16564. Determine i(8).
-212
Let v(g) = -4342*g + 17264. What is v(4)?
-104
Let k(j) = -6893*j - 13739. What is k(-2)?
47
Let r(p) = -p**2 + 557*p - 3293. Calculate r(6).
13
Let l(m) = 6*m**2 - 182*m + 58. What is l(30)?
-2
Let r(q) = -9*q**2 + 220*q - 935. Calculate r(5).
-60
Let n(r) = 5660*r - 35681. Calculate n(7).
3939
Let r(s) = s**3 + 9*s**2 - 11*s - 62. Calculate r(-9).
37
Let a(x) = -1980159*x - 1980159. Give a(-1).
0
Let q(d) = 757*d - 1063. Give q(3).
1208
Let x(c) = 16631*c - 2428116. Calculate x(146).
10
Let a(j) = 4*j**2 + 4408*j + 153599. What is a(-36)?
95
Let z(o) = o**3 - 4*o**2 - 15320*o + 61303. Determine z(4).
23
Let c(k) = -30*k**3 - 176*k**2 + 53*k + 168. Calculate c(-6).
-6
Let z(h) = -2460*h - 309926. Calculate z(-126).
34
Let r(b) = 47*b - 6335. Calculate r(132).
-131
Let j(f) = -f**3 - 27*f**2 + 958*f - 355. Give j(20).
5
Let q(m) = 43112*m - 85487. Give q(2).
737
Let i(m) = 2*m**3 + 3*m**2 - 3186*m + 6353. What is i(2)?
9
Let i(r) = r**3 - 15*r**2 - 512*r + 3807. Calculate i(7).
-169
Let m(q) = 448185*q + 1344543. Determine m(-3).
-12
Let m(u) = 149*u - 1141. What is m(12)?
647
Let w(n) = 956*n**3 + 6*n**2 + 4*n - 12. Determine w(1).
954
Let a(n) = 9*n**3 - 674*n**2 - 76*n - 171. Calculate a(75).
-246
Let a(p) = -27*p**2 + 484*p - 1737. Calculate a(5).
8
Let v(z) = -15*z**2 + 4194*z - 2403. What is v(280)?
-4083
Let b(a) = 252*a - 61437. Give b(245).
303
Let i(f) = 8*f**2 - 432*f + 7661. What is i(19)?
2341
Let z(f) = -3*f**2 - 225*f + 2232. Give z(9).
-36
Let a(u) = -3*u**3 - 114*u**2 + 117*u - 27. Determine a(-39).
-27
Let k(v) = -4*v**3 + 7*v**2 + 787*v + 9432. Calculate k(-12).
7908
Let i(a) = -3*a**3 - 6*a**2 - 106*a + 554. Calculate i(5).
-501
Let o(h) = -4134*h + 87107. Calculate o(21).
293
Let o(f) = -27*f + 2000. Give o(59).
407
Let c(i) = 113*i**2 - 8244*i + 91. Calculate c(73).
456
Let u(o) = -428*o - 2470. What is u(-6)?
98
Let c(p) = 8*p**3 + 312*p**2 - 7*p + 77. Calculate c(-39).
350
Let z(q) = -4*q**2 + 574*q + 1880. Determine z(150).
-2020
Let v(p) = -3*p**2 - 2904*p + 20321. Determine v(7).
-154
Let x(k) = 7*k**2 + 2753*k + 14346. Calculate x(-388).
-10
Let r(w) = 2*w**2 + 304*w - 155515. Determine r(213).
-25
Let h(q) = -q**2 - 496*q - 24823. Calculate h(-57).
200
Let u(g) = -g**2 - 2067*g - 317. Determine u(0).
-317
Let y(h) = -90*h**3 + 20*h**2 + 51*h + 23. Give y(-3).
2480
Let w(h) = 96*h - 30137. What is w(314)?
7
Let q(d) = 476*d - 46592. What is q(98)?
56
Let v(s) = 14*s**3 + 2323*s**2 + 2275*s + 405200. Determine v(-166).
-6
Let d(c) = -c**3 - 880*c**2 - 858*c + 18449. Calculate d(-879).
-10
Let c(s) = -4*s**2 - 91*s + 373. Determine c(10).
-937
Let f(v) = 4*v**3 - 75*v**2 - 293*v + 4713. Calculate f(19).
-493
Let p(g) = 110*g**2 - 2449*g + 11831. What is p(15)?
-154
Let k(y) = -163*y + 3490. Determine k(10).
1860
Let y(v) = -22*v**3 + 33*v**2 + 125*v - 7. Calculate y(-5).
2943
Let u(l) = -l**2 - 926*l - 167721. Determine u(-247).
-8
Let v(o) = 57*o - 5708. What is v(74)?
-1490
Let k(l) = -5*l**2 + 754*l - 27052. Determine k(92).
-4
Let c(f) = -f**2 + 65*f - 5. Give c(77).
-929
Let f(q) = -q**2 - 50852*q - 355910. Determine f(-7).
5
Let q(o) = -3*o**3 + 286*o**2 + 489*o - 429. Calculate q(97).
-41
Let k(o) = 9*o**2 + 851*o + 9277. What is k(-82)?
11
Let m(j) = -800*j - 33374. Determine m(-34).
-6174
Let g(y) = y**2 + 7156*y - 454891. What is g(63)?
-94
Let k(i) = i**2 - 1840*i - 56986. Determine k(-31).
1015
Let d(g) = -57*g - 16359. What is d(-2